2?
-330b5
What is 2334163 (base 7) in base 16?
47df4
Convert -200012 (base 5) to base 11.
-4779
What is -242233332 (base 5) in base 7?
-12430635
Convert 645355 (base 14) to base 4.
30330312233
6210310 (base 11) to base 5
10301411413
2111011202022 (base 3) to base 10
1322225
What is 1102330 (base 5) in base 13?
88c6
Convert -3111201303 (base 4) to base 5.
-210441421
Convert -14a0254 (base 11) to base 7.
-30531530
-45a19 (base 13) to base 8
-367735
Convert 247b04 (base 12) to base 13.
17a66a
Convert -10131031313 (base 4) to base 14.
-225a63
What is 8236655 (base 9) in base 12?
157ab4b
-2162582 (base 9) to base 5
-244210414
-551131105 (base 6) to base 8
-45462521
Convert 26933 (base 11) to base 15.
b598
What is -1851180 (base 10) in base 7?
-21510012
What is -77368 (base 9) in base 12?
-2585b
Convert 5555203 (base 6) to base 8.
1042363
Convert 23242313 (base 5) to base 9.
353076
Convert -3105406 (base 7) to base 5.
-43343141
What is -143450151 (base 6) in base 4?
-23112303103
What is -121221111211 (base 3) in base 6?
-11052034
What is 1000010010001110001 (base 2) in base 15?
55683
Convert -3131333 (base 4) to base 16.
-377f
What is -111334 (base 6) in base 12?
-554a
What is -1561a1 (base 11) in base 4?
-323030222
What is 130767 (base 9) in base 5?
10014420
What is -93996 (base 10) in base 8?
-267454
What is 2413606 (base 7) in base 16?
4ac50
Convert 43a8490 (base 11) to base 4.
131132132332
Convert 1001000101000101101101 (base 2) to base 6.
123003101
-112230334 (base 5) to base 12
-206137
Convert -1160644 (base 8) to base 6.
-10505020
What is 32699 (base 11) in base 14?
133d1
2012201220 (base 3) to base 12
21250
ce987 (base 16) to base 11
528857
What is -6703b (base 16) in base 4?
-1213000323
What is 1201111112102 (base 3) in base 5?
213242114
Convert 210010011201020 (base 3) to base 14.
16c1cc9
10745334 (base 8) to base 2
1000111100101011011100
What is 1032323545 (base 6) in base 12?
38435b5
What is 4614374 (base 10) in base 11?
2671936
What is 252250 (base 7) in base 12?
22a5a
109199 (base 11) to base 12
84323
20c7b (base 15) to base 4
121122002
22206033 (base 7) to base 13
522078
Convert 22021021120 (base 3) to base 14.
43467
10056642 (base 7) to base 11
522605
What is -111100000110010011110 (base 2) in base 8?
-7406236
31046 (base 12) to base 8
174766
Convert cb5c4 (base 16) to base 6.
25504152
-10100001010001000111 (base 2) to base 9
-1216085
11399868 (base 10) to base 5
10404243433
778b6 (base 14) to base 15
5ad33
-22505653 (base 7) to base 8
-7404522
3400301 (base 5) to base 13
210a2
Convert 11001101100101000110 (base 2) to base 8.
3154506
What is 9dc67b (base 16) in base 15?
d93a5d
3220232031 (base 4) to base 6
32233033
23483 (base 14) to base 6
1501551
What is -1504400 (base 7) in base 8?
-614764
What is 12255235 (base 6) in base 11?
250954
Convert 149e1 (base 16) to base 14.
22ac1
What is 123023203201 (base 4) in base 3?
111101222221221
What is 108da3 (base 14) in base 10?
562467
-269aa20 (base 12) to base 8
-35205070
-110010100011101111100 (base 2) to base 16
-19477c
What is -21012100212 (base 3) in base 11?
-97501
What is -64a7 (base 14) in base 6?
-212311
Convert 40c5ca (base 13) to base 4.
11301101203
What is 2324250 (base 6) in base 4?
131112012
3374a53 (base 11) to base 10
5906915
What is 12100122002 (base 3) in base 12?
51025
Convert 10001201012002 (base 3) to base 10.
1627994
Convert -41010222 (base 5) to base 4.
-1100101230
Convert -2022486 (base 9) to base 5.
-233442424
Convert 362749 (base 10) to base 14.
962a9
20111212110 (base 3) to base 5
13100313
Convert 19034 (base 14) to base 2.
1111011010110110
-27b53 (base 16) to base 15
-332cd
-100001000111001001 (base 2) to base 9
-226034
-a833 (base 14) to base 8
-70575
Convert 31026458 (base 9) to base 4.
320311100231
What is 388a7 (base 11) in base 3?
2211100100
Convert 2228109 (base 11) to base 5.
1444432114
Convert -3342213 (base 6) to base 10.
-168993
Convert -4542032 (base 7) to base 4.
-2021323100
137d1d4 (base 14) to base 15
c695ee
What is 131015 (base 13) in base 3?
212022220002
What is -21111400 (base 5) in base 14?
-4812a
Convert -1cd86 (base 15) to base 9.
-153160
-312313213 (base 4) to base 11
-143942
Convert -5da77 (base 16) to base 2.
-1011101101001110111
-a617c9 (base 13) to base 2
-1110110101001011100001
What is -324035 (base 8) in base 5?
-11433243
Convert 1032405 (base 6) to base 10.
51125
11515 (base 12) to base 3
1011211022
29131 (base 15) to base 12
643b4
Convert -201021211112022 (base 3) to base 15.
-d7778e
-125ebb2 (base 15) to base 10
-13212392
10251b1 (base 12) to base 15
3ee9ed
What is 47547704 (base 8) in base 3?
201120202220220
What is 35bc33 (base 14) in base 4?
13000300311
Convert 3354128 (base 9) to base 6.
102423042
Convert 57c21 (base 13) to base 7.
1235112
What is 3052450 (base 8) in base 15?
10e722
What is 425097 (base 16) in base 7?
51640401
What is -238c63 (base 14) in base 3?
-2021202001122
11345426 (base 7) to base 8
3647214
What is 1b81b (base 13) in base 16?
d358
What is 1186120 (base 9) in base 6?
21513243
Convert 5602413 (base 8) to base 3.
2211122102210
What is -1878631 (base 9) in base 3?
-1222122201001
Convert 4543052 (base 10) to base 13.
c30ac7
Convert 438aa (base 13) to base 14.
32819
What is 114635162 (base 7) in base 14?
d48769
19a4d (base 15) to base 6
1441431
-817883 (base 12) to base 4
-13232110203
-1112201222220 (base 3) to base 2
-11001000100101001100
What is -1077740 (base 8) in base 10?
-294880
Convert 2b81b (base 13) to base 4.
110023221
What is 4db5a (base 15) in base 3?
110122110211
What is 6351306 (base 8) in base 2?
110011101001011000110
What is 458133 (base 10) in base 4?
1233312111
Convert -101000010000111010000 (base 2) to base 12.
-537640
102256 (base 9) to base 8
166460
1334104341 (base 5) to base 10
3425596
Convert 11ccd6 (base 14) to base 16.
9557c
What is -312616 (base 7) in base 3?
-2201211011
60db91 (base 16) to base 9
12844321
What is 6a03b9 (base 13) in base 8?
11456153
What is -a6214 (base 14) in base 10?
-401034
What is -1011101010011000 (base 2) in base 13?
-18986
Convert 94721 (base 10) to base 4.
113020001
What is -105a42 (base 11) in base 3?
-22120202212
What is 12021333 (base 4) in base 15?
7710
What is -111210121112002 (base 3) in base 5?
-3334142440
What is -a9318 (base 11) in base 16?
-26c33
What is 135422035 (base 6) in base 7?
32454641
-203167 (base 8) to base 15
-14d96
24d2d (base 15) to base 8
345726
What is 24745 (base 8) in base 9?
15636
What is 17105 (base 8) in base 5?
221444
Convert b014 (base 12) to base 5.
1102044
-81cc0 (base 13) to base 5
-24422434
Convert -152651544 (base 7) to base 8.
-47016761
Convert -5a2061 (base 14) to base 16.
-2efac5
262a3c (base 15) to base 5
432102212
Convert -535445145 (base 6) to base 9.
-18802312
a81fe (base 16) to base 4
2220013332
Convert 433942 (base 12) to base 6.
34450122
-3375072 (base 9) to base 16
-1bc9b3
Convert 1011213110 (base 4) to base 7.
2265212
644191 (base 11) to base 12
41837b
1001000000101000 (base 2) to base 4
21000220
Convert -759b (base 14) to base 12.
-b919
Convert -1111010100001000100 (base 2) to base 10.
-501828
What is 202b80 (base 12) in base 13?
147b1c
What is 101000101000100011 (base 2) in base 14?
44923
Convert -12002601 (base 7) to base 10.
-1059822
Convert -40344 (base 10) to base 6.
-510440
What is -66416 (base 8) in base 7?
-144252
What is -6008219 (base 11) in base 12?
-3691698
Convert 4cc8b2 (base 15) to base 10.
3687467
What is -a5ce (base 15) in base 5?
-2110234
-3b403 (base 13) to base 5
-12014104
Convert 10000101111000011010 (base 2) to base 15.
ac738
-13231223221 (base 4) to base 5
-1004201441
-ec42 (base 15) to base 7
-265544
Convert 45838 (base 10) to base 6.
552114
What is -11793 (base 12) in base 13?
-a971
103111130221 (base 4) to base 13
1086082
24201413 (base 5) to base 13
7b698
Convert 2b557 (base 15) to base 6.
2554114
-233562 (base 7) to base 9
-63716
Convert 3481347 (base 10) to base 2.
1101010001111100000011
Convert 60c2b8 (base 16) to base 5.
3110410204
Convert 7d351 (base 16) to base 6.
14554145
Convert -133222121 (base 4) to base 13.
-47051
Convert 3993462 (base 10) to base 12.
1407046
Convert -10011100000101101101 (base 2) to base 5.
-130424331
What is -112001022201 (base 3) in base 10?
-276526
C